mine w(k).
1
Let v(x) = 2*x**3 - 2*x**2 - x. Let h = -103 - 3. Let k be (-8 + 6)*h/4. Let u = k + -51. Determine v(u).
6
Let l(t) = -2*t**3 + t**2 - t + 5. Let q be (-22 + 22)*2/14. Determine l(q).
5
Let i = 4185 + -4202. Let m(k) = k**2 + 16*k - 21. Calculate m(i).
-4
Let b(x) = 36*x + 29*x + 28*x - 108*x + 28*x - 17. What is b(5)?
48
Let o(d) = -4*d**2 - d. Suppose -4*m + 9*m = 4*m. Suppose 2*y - 38 + 8 = m. Suppose 7 = -w - 2*f, -4*w + 3*f + y = -1. Calculate o(w).
-5
Let p(u) = -297*u + 471. Let n(v) = -182*v + 283. Let d(i) = 18*n(i) - 11*p(i). What is d(-9)?
-6
Let u(z) be the second derivative of z**5/20 - z**4/3 + z**3/3 + z**2 - 12*z. Let a(m) = m**3 - 4*m**2 - 6*m + 9. Let r be a(6). Let o = r - 43. Calculate u(o).
-2
Suppose 0 - 3 = -14*k + 11*k. Let o(a) = 6*a**3 + 15*a**2 - 13*a + 11. Let m(r) = 3*r**3 + 7*r**2 - 6*r + 5. Let x(c) = 13*m(c) - 6*o(c). Give x(k).
3
Let p(l) be the second derivative of -l**5/60 - 3*l**4/4 + 19*l**3 + 2*l - 27. Let f(y) be the second derivative of p(y). Give f(-8).
-2
Let m(z) = 27*z**2 + 27*z - 472. Let d(l) = 8*l**2 + 8*l - 135. Let r(v) = 17*d(v) - 5*m(v). Calculate r(0).
65
Let y(q) = -q**3 - 11*q**2 - 6*q - 40. Suppose 3*i - 672 = -705. What is y(i)?
26
Let f(d) = -35141 + 70298 + d**2 - 15*d - 35140 + 3*d**3 - 2*d**3. Calculate f(-5).
-8
Let s(i) = -i + 15. Suppose 12*j - 85 = -85. Give s(j).
15
Let y(x) = -x**3 - 6*x**2 + 4. Let d = 498 - 476. Suppose -4*r = -2*c + d, -4*r + 2*c - 19 = 3*c. Give y(r).
-21
Let w(n) = -28*n - 60. Let t(a) = 16*a + 34. Let u(k) = 16*t(k) + 9*w(k). Give u(9).
40
Let z(n) be the third derivative of -n**6/120 - 7*n**5/60 - n**4/12 - 2*n**3 - 2*n**2. Let s = -9342 + 9335. What is z(s)?
2
Suppose 78 = -10*v + 36*v. Let d(c) = c - v*c**2 + 2*c + 167 - 168. What is d(2)?
-7
Suppose -96*x + 550 = 14*x. Let i(k) = k**2 + k - 38. Determine i(x).
-8
Let l be ((-1)/1)/(3 + 30*10/(-105)). Let k(q) = q**2 + 10*q - 14. Determine k(l).
-35
Suppose 0 = 142*p - 146*p + 8. Let y(d) = -9205 - p*d + d + 9207. Give y(8).
-6
Let b(u) = -4 + 17*u**3 + 3*u**2 + 5 - 5*u**2. Let w = 28670 + -28671. Determine b(w).
-18
Let g = -239 + 251. Let a(h) = 21*h + 8*h**2 - g*h - 12*h - 2*h**2 + 0 + 2 - h**3. Suppose -4*s + 18 = -x - 1, -9 = -s - 4*x. What is a(s)?
12
Suppose -2*b - 3*r = -23, -3*r + 28 = 3*b - 5*r. Let s(t) = 4*t + 22. Let a be s(-3). Let p(m) = 11*m + 0 - m**2 + 4 - a + 4. Calculate p(b).
8
Let z(s) be the second derivative of -s**6/720 + s**5/120 - 9*s**4/4 + 115*s. Let y(j) be the third derivative of z(j). Determine y(-7).
8
Suppose -c - 5*z = 6, 3*c + 2*z = -0*z - 18. Let y(f) be the second derivative of f**4/12 + f**3 + 4*f**2 - 436*f. Give y(c).
8
Let h(v) = -4 + 9 - v - 4*v + v. Suppose 45*o + 47*o = 460. Calculate h(o).
-15
Suppose 0 = -4*b + 37*b - 396. Suppose 4*s + b = -12. Let k(q) = 2*q**3 + 12*q**2 - 3*q - 13. Determine k(s).
5
Let q(j) be the first derivative of j**4/8 + 5*j**3/6 - 3*j**2/2 + 25*j - 51. Let w(a) be the second derivative of q(a). Give w(-5).
-10
Suppose 0 = w + 2 - 15. Suppose -7 + w = 3*j. Suppose 3*q + 0*q = -n + 12, 0 = -j*n + 3*q - 12. Let u(t) = t**2. Give u(n).
0
Let k(t) be the first derivative of -3*t**2/2 - t + 1. Suppose -5*w = -3*q - 35, -7*q - 7 = -4*q + 2*w. Let f be 8*(1 + (-54)/(-12) + q). Calculate k(f).
-13
Let y(v) be the first derivative of 5*v**2/2 + 2*v + 4. Let n(d) = -9*d - 5. Let l(c) = 3*n(c) + 7*y(c). Suppose 2*h - 1 = 4*b - h, b + 6 = -5*h. Give l(b).
-9
Let u = -7013 - -6990. Let p(f) = -5*f - 92. What is p(u)?
23
Suppose w + y = 5, -5*w - 3 = 4*y - 33. Suppose -23*a = w + 36. Let x(v) = -v**3 + 3*v + 2. What is x(a)?
4
Let x(k) = -1577*k**2 - k**3 - 6*k - 104 + 1571*k**2 + 103. Let y = -10 - -5. Calculate x(y).
4
Let l = 9585 - 9587. Let g(x) = 10*x + 28. Calculate g(l).
8
Let n = 137 - 135. Let u(i) = 4*i - n*i + 12 + 3*i - 6*i. What is u(13)?
-1
Let c(y) = -y**2 + 24*y - 142. Let k(i) = i**3 - 54*i**2 - 425*i - 107. Let j be k(61). Give c(j).
-7
Let h(x) = -x**3 + 7*x**2 + 2*x + 6. Suppose -3*p + 4*m = 97, 4*p - 5*m + 128 = -m. Let u be (3 - 1) + -4 - 36. Let k = p - u. Determine h(k).
20
Let t(r) = r**3 + r - 19*r**2 + 4*r - 2 + 14*r**2. Let j = -182 - -185. Determine t(j).
-5
Let h(v) = v**3 + 38*v**2 + 6*v - 194. Let m(x) = -3*x**3 - 70*x**2 - 13*x + 391. Let i(z) = -5*h(z) - 2*m(z). Calculate i(50).
-12
Suppose -2*t + 130 = 2*r, 2*r - t = -2*r + 275. Suppose 3*a + r - 53 = 0. Let v(k) = k + 6. Determine v(a).
1
Suppose -18 = -5*s + 2 - 5. Let v(l) be the second derivative of 1/12*l**4 + 0 + 15*l - 7/6*l**s - 11/2*l**2. Calculate v(8).
-3
Let o(h) be the second derivative of -h**3/6 + 11*h**2/2 + 789*h. Give o(8).
3
Let f(a) = -2*a + 194. Let b(d) = -91. Let n(x) = -2*b(x) - f(x). What is n(6)?
0
Let o = -4473 - -4481. Let u(j) be the first derivative of -3*j - 1/3*j**3 + 2*j**2 - o. What is u(2)?
1
Suppose -4*i + 65 = -12*c + 13*c, -16*i - 5*c + 265 = 0. Let t(v) be the first derivative of -2*v**2 + 1/3*v**3 - 7*v + i. What is t(5)?
-2
Let x(o) = -o - 17. Suppose 5*a - 64 = 3*s, 4*a - 4*s + 7*s = 62. Suppose -a*u + 50 = -19*u. What is x(u)?
-7
Let j(k) be the second derivative of 5/12*k**4 - 38*k - 1/6*k**3 + 0 + k**2 + 1/20*k**5. Determine j(-5).
7
Let k(g) = 6*g - 64. Let y be k(11). Let i(w) = 7*w + 54 + 47 - 80 - w**y. Calculate i(9).
3
Let b(s) = -2*s - 3. Let m be b(-1). Let j be (0 + -1)/(3/6)*m. Let v(p) = 8 - j - 7*p + 5*p + p. Determine v(0).
6
Let i(o) = 3*o**3 - 55*o**2 - 80*o + 114. Let k(q) = -2*q**3 + 37*q**2 + 53*q - 76. Let c(x) = -7*i(x) - 11*k(x). Give c(23).
38
Let z(g) = 67*g**2 + 36*g + 46*g**2 - 92*g - 123*g**2 + 12. Calculate z(-6).
-12
Let v(w) = -1 + 6 + 17*w - w**2 - 26 + 2*w**2 + 6. Determine v(-17).
-15
Let n(u) be the first derivative of -u**4/4 + 7*u**3/3 + 4*u**2 + 5*u + 928. Calculate n(9).
-85
Let f(t) = 8*t + 160. Let y(b) = 19*b + 363. Let a(m) = -13*f(m) + 6*y(m). Give a(-11).
-12
Let f(n) = 36*n + 1. Let v(c) = 139*c + 3058. Let t be v(-22). Calculate f(t).
1
Let o(l) be the first derivative of l**3/6 - 11*l**2 - 54*l + 77. Let g(b) be the first derivative of o(b). Calculate g(15).
-7
Suppose 6*x + 26 = -4. Let o be ((-40)/(-100))/((-2)/50) - x. Let n(d) = -d**2 - d - 2. Determine n(o).
-22
Let y = -6147 - -6155. Let z(p) = -8*p + 37. Give z(y).
-27
Let j(w) = -6*w + 6*w + w**2 + 8 - 2 + 0 - 7*w. Let g(r) = r**3 - 4*r**2 + 2*r - 2. Let u be g(4). Calculate j(u).
0
Let v(t) be the second derivative of t**3/6 + 5*t**2/2 - 398*t. Let n = -4 - 2. What is v(n)?
-1
Let v(c) be the third derivative of -c**4/24 + 4*c**3/3 + 7*c**2 + 39*c. Let a(n) = 2*n - 8. Let p be a(8). Calculate v(p).
0
Let t(b) = 3*b**2 + 11*b + 1. Let s(q) = -4*q**2 - 11*q - 2. Let l(z) = -4*s(z) - 5*t(z). Let k be -3 - 0 - (5 + 24 - 40). Calculate l(k).
-21
Let q = 18311 - 18299. Let k(d) = d**2 - 10*d - 27. Give k(q).
-3
Let g(r) = 6*r - 5*r + 3 + 0*r**3 + r**3 - 6*r**2. Suppose -2*j + 134 = 2*l - 88, -l - 464 = -4*j. Let f = j - 109. Calculate g(f).
9
Suppose -31*d + 468 = 34*d + 91*d. Let s(v) = 26*v - 84. What is s(d)?
-6
Let w(t) = -2140 - 8*t + t**2 - 8*t + 2156. Calculate w(16).
16
Let x(q) = -12*q**2 - q. Let h be -1*(-4)/(-14) + (-1182)/(-21). Let d = -56 + h. Suppose 3*g + 3 = 3*b, -2*b - 2*b = d. Calculate x(g).
-11
Let j(f) = 4*f**2 + 2*f + 1. Let r = -359 + 159. Let l = r - -198. Give j(l).
13
Let u(t) = -15*t + 7. Let j = 3035 + -3039. What is u(j)?
67
Let a = 28 + -10. Suppose -3*c - 5*n - 37 = -5*c, -5*c + 107 = 2*n. Let o = c - a. Let d(u) = -u - 4. Give d(o).
-7
Suppose 4*n - 100 = -4*a, n - a - 41 = -n. Let m = -858 - -881. Let h(d) = 46*d - m*d - n*d. Calculate h(1).
1
Let v(i) = 16*i**2 - 6*i - 13. Let c(j) = 14*j**2 - 5*j - 10. Let p(m) = -5*c(m) + 4*v(m). Determine p(1).
-7
Let g(n) = 2*n**3 + 41*n**2 - 22*n - 3. Let x(r) = -34*r - 2095. Let b be x(-61). Calculate g(b).
18
Let f(w) = w**2 - 6*w - 17. Suppose -5*r + 16 = -r - 5*z, -4*z = -r - 7. Let s be f(r). Let m(u) = 6*u**2 + 6*u + 25 - 10 - 4 - s + u**3. Calculate m(-5).
-4
Let y(j) = -2*j - 11. Let w(q) = -18*q - 245. Let f(r) = 5. Let o(g) = -6*f(g) + w(g). Let s be o(-15). Give y(s).
-1
Let h = -4214 + 4218. Let g(y) = -11*y - 6. Determine g(h).
-50
Suppose 358 = 2*m - 26. Suppose 132 = -12*h + m. Let w(j) = -3*j**2 + 8*j + 4. Let